{"id":2903,"date":"2024-06-07T16:21:54","date_gmt":"2024-06-07T19:21:54","guid":{"rendered":"https:\/\/colegioecursocpm.com.br\/site_novo\/?page_id=2903"},"modified":"2024-06-07T16:48:08","modified_gmt":"2024-06-07T19:48:08","slug":"sistema-de-ensino-ph","status":"publish","type":"page","link":"https:\/\/colegioecursocpm.com.br\/index.php\/sistema-de-ensino-ph\/","title":{"rendered":"Sistema de Ensino PH"},"content":{"rendered":"<h2>O Col\u00e9gio e Curso CPM \u00e9 parceiro do sistema de ensino PH!<\/h2>\n<p>Integrando diferentes solu\u00e7\u00f5es educacionais com foco no desenvolvimento do aluno, o Sistema de Ensino pH re\u00fane conte\u00fado f\u00edsico e digital e aposta na pr\u00e1tica em sala de aula para melhor fixa\u00e7\u00e3o e aprendizado.<br \/>\nL\u00edder de aprova\u00e7\u00e3o EM MEDICINA, ENGENHARIA E DIREITO; Hoje os alunos do sistema de ensino PH s\u00e3o os primeiros lugares em diversos vestibulares. Seus resultados representam a qualidade do compromisso do pH com a educa\u00e7\u00e3o.<\/p>\n<p>O Sistema de Ensino pH procura formar, mais que estudantes competentes, cidad\u00e3os completos, conscientes da realidade do pa\u00eds e do mundo. Isso se d\u00e1 gra\u00e7as \u00e0 elabora\u00e7\u00e3o de um material que busca retratar um contexto que vai al\u00e9m da regi\u00e3o sudeste e compreende os diferentes m\u00e9todos e realidades de todo o Brasil.<\/p>\n<p>Com uma filosofia baseada na qualidade e no dinamismo, o sistema pH foi o primeiro a ter uma plataforma tecnol\u00f3gica, al\u00e9m de contar com parceiros como o Programa de Forma\u00e7\u00e3o SOMOS Educa\u00e7\u00e3o (PROFS), o Plurall e assessoria pedag\u00f3gica, sempre visando ao melhor desenvolvimento dos alunos e das pr\u00e1ticas\u00a0educacionais.<\/p>\n","protected":false},"excerpt":{"rendered":"<p>O Col\u00e9gio e Curso CPM \u00e9 parceiro do sistema de ensino PH! Integrando diferentes solu\u00e7\u00f5es educacionais com foco no desenvolvimento do aluno, o Sistema de Ensino pH re\u00fane conte\u00fado f\u00edsico e digital e aposta na pr\u00e1tica em sala de aula para melhor fixa\u00e7\u00e3o e aprendizado. L\u00edder de aprova\u00e7\u00e3o EM MEDICINA, ENGENHARIA E DIREITO; Hoje os alunos do sistema de ensino PH s\u00e3o os primeiros lugares em diversos vestibulares. Seus resultados representam a qualidade do compromisso do pH com a educa\u00e7\u00e3o.<\/p>\n","protected":false},"author":1,"featured_media":0,"parent":0,"menu_order":0,"comment_status":"closed","ping_status":"closed","template":"","meta":{"footnotes":""},"class_list":["post-2903","page","type-page","status-publish","hentry"],"_links":{"self":[{"href":"https:\/\/colegioecursocpm.com.br\/index.php\/wp-json\/wp\/v2\/pages\/2903","targetHints":{"allow":["GET"]}}],"collection":[{"href":"https:\/\/colegioecursocpm.com.br\/index.php\/wp-json\/wp\/v2\/pages"}],"about":[{"href":"https:\/\/colegioecursocpm.com.br\/index.php\/wp-json\/wp\/v2\/types\/page"}],"author":[{"embeddable":true,"href":"https:\/\/colegioecursocpm.com.br\/index.php\/wp-json\/wp\/v2\/users\/1"}],"replies":[{"embeddable":true,"href":"https:\/\/colegioecursocpm.com.br\/index.php\/wp-json\/wp\/v2\/comments?post=2903"}],"version-history":[{"count":2,"href":"https:\/\/colegioecursocpm.com.br\/index.php\/wp-json\/wp\/v2\/pages\/2903\/revisions"}],"predecessor-version":[{"id":2908,"href":"https:\/\/colegioecursocpm.com.br\/index.php\/wp-json\/wp\/v2\/pages\/2903\/revisions\/2908"}],"wp:attachment":[{"href":"https:\/\/colegioecursocpm.com.br\/index.php\/wp-json\/wp\/v2\/media?parent=2903"}],"curies":[{"name":"wp","href":"https:\/\/api.w.org\/{rel}","templated":true}]}}