{"id":2958,"date":"2024-08-22T15:35:24","date_gmt":"2024-08-22T18:35:24","guid":{"rendered":"https:\/\/colegioecursocpm.com.br\/site_novo\/?page_id=2958"},"modified":"2024-08-22T15:35:24","modified_gmt":"2024-08-22T18:35:24","slug":"aprovados-teste","status":"publish","type":"page","link":"https:\/\/colegioecursocpm.com.br\/index.php\/aprovados-teste\/","title":{"rendered":"aprovados teste"},"content":{"rendered":"<h2>Academia da for\u00e7a aerea<\/h2>\n<ul>\n<li>Let\u00edcia Vit\u00f3ria-2023<\/li>\n<li>Let\u00edcia Vit\u00f3ria-2023<\/li>\n<li>Let\u00edcia Vit\u00f3ria-2023<\/li>\n<li>Let\u00edcia Vit\u00f3ria-2023<\/li>\n<\/ul>\n<h2>ESA<\/h2>\n<ul>\n<li>Let\u00edcia Vit\u00f3ria-2023<\/li>\n<li>Let\u00edcia Vit\u00f3ria-2023<\/li>\n<li>Let\u00edcia Vit\u00f3ria-2023<\/li>\n<\/ul>\n<h2>PM<\/h2>\n<ul>\n<li>Let\u00edcia Vit\u00f3ria-2023<\/li>\n<li>Let\u00edcia Vit\u00f3ria-2023<\/li>\n<li>Let\u00edcia Vit\u00f3ria-2023<\/li>\n<\/ul>\n<h2>ESPCEX<\/h2>\n<ul>\n<li>Let\u00edcia Vit\u00f3ria-2023<\/li>\n<li>Let\u00edcia Vit\u00f3ria-2023<\/li>\n<li>Let\u00edcia Vit\u00f3ria-2023<\/li>\n<\/ul>\n","protected":false},"excerpt":{"rendered":"<p>Academia da for\u00e7a aerea Let\u00edcia Vit\u00f3ria-2023 Let\u00edcia Vit\u00f3ria-2023 Let\u00edcia Vit\u00f3ria-2023 Let\u00edcia Vit\u00f3ria-2023 ESA Let\u00edcia Vit\u00f3ria-2023 Let\u00edcia Vit\u00f3ria-2023 Let\u00edcia Vit\u00f3ria-2023 PM Let\u00edcia Vit\u00f3ria-2023 Let\u00edcia Vit\u00f3ria-2023 Let\u00edcia Vit\u00f3ria-2023 ESPCEX Let\u00edcia Vit\u00f3ria-2023 Let\u00edcia Vit\u00f3ria-2023 Let\u00edcia Vit\u00f3ria-2023<\/p>\n","protected":false},"author":2,"featured_media":0,"parent":0,"menu_order":0,"comment_status":"closed","ping_status":"closed","template":"","meta":{"footnotes":""},"class_list":["post-2958","page","type-page","status-publish","hentry"],"_links":{"self":[{"href":"https:\/\/colegioecursocpm.com.br\/index.php\/wp-json\/wp\/v2\/pages\/2958","targetHints":{"allow":["GET"]}}],"collection":[{"href":"https:\/\/colegioecursocpm.com.br\/index.php\/wp-json\/wp\/v2\/pages"}],"about":[{"href":"https:\/\/colegioecursocpm.com.br\/index.php\/wp-json\/wp\/v2\/types\/page"}],"author":[{"embeddable":true,"href":"https:\/\/colegioecursocpm.com.br\/index.php\/wp-json\/wp\/v2\/users\/2"}],"replies":[{"embeddable":true,"href":"https:\/\/colegioecursocpm.com.br\/index.php\/wp-json\/wp\/v2\/comments?post=2958"}],"version-history":[{"count":1,"href":"https:\/\/colegioecursocpm.com.br\/index.php\/wp-json\/wp\/v2\/pages\/2958\/revisions"}],"predecessor-version":[{"id":2959,"href":"https:\/\/colegioecursocpm.com.br\/index.php\/wp-json\/wp\/v2\/pages\/2958\/revisions\/2959"}],"wp:attachment":[{"href":"https:\/\/colegioecursocpm.com.br\/index.php\/wp-json\/wp\/v2\/media?parent=2958"}],"curies":[{"name":"wp","href":"https:\/\/api.w.org\/{rel}","templated":true}]}}